*a**2/2 - 808*a. Determine i(8).
1
Suppose w + 2*w = 6. Let v(i) = i + 0 + 2 + i - 5 + i**w. Let t = -1 - 3. What is v(t)?
5
Let c(j) = 5*j - 2. Let f be 6/81*24 + 4/18. Suppose -7*t = -f*t - 15. Give c(t).
13
Let o = 72721/120 + -606. Let y(p) be the third derivative of 4*p**2 + 0*p - 2/15*p**5 + 0 + 3/2*p**3 - 1/24*p**4 + o*p**6. What is y(8)?
1
Let y(b) be the third derivative of -b**6/120 - 9*b**5/20 - 25*b**4/24 + 6*b**3 - 242*b**2. Calculate y(-26).
10
Suppose -14*y - 16 = -18*y. Let g(u) = u - u**3 - 5*u**2 + y*u + 3*u - 11 + 8. Calculate g(-6).
-15
Let d(o) = -o**2 + 1. Let u be (2/(-7) - (-2)/7) + 183. Suppose 181*t = u*t + 6. Calculate d(t).
-8
Let v(l) = 15990 - 15993 + l**2 - 4*l**2 - 3*l. Let p(a) = -a**2 + a + 4*a**3 + 4*a**2 + 1 - 3*a**3. Let f be p(-3). What is v(f)?
-9
Suppose -2*g + 32 = 2*g. Let a = g - 4. Let i be (-6)/9*(-6)/a. Let s(t) = 13*t**3 + t**2. Calculate s(i).
14
Let g(j) = 13 + 0*j**3 + 19*j**2 - 2*j**3 + 2913*j - 2923*j - 4*j**2. Calculate g(7).
-8
Let o(x) be the first derivative of -14*x**3/3 + x + 250. What is o(-1)?
-13
Let b(g) = -g**3 - 4*g**2 + g - 5. Let x(n) = -3*n**3 + 5*n**2. Let q be x(2). Calculate b(q).
-9
Suppose 5*a - 2*q - 2 = 9, -2*q = 3*a - 13. Let w(o) = -7 + 0*o - 3*o - o**a + 0*o - 5*o**2 + 2*o. Let d = 77 - 82. Calculate w(d).
-2
Let a(p) = -p - 3*p**2 - 4*p**3 + 10 + 5*p**3 + 2*p**2. Let b(d) = -2*d**3 - 24*d**2 + 5*d + 14. Let o be b(-12). Let h = 46 + o. Calculate a(h).
10
Let d be 40/12*(-3)/(-1). Let l(q) = 4*q + 8. Determine l(d).
48
Let l(o) = -o**2 + 5*o + 5. Suppose 2*g + 2*v = 2, 3*g + 0 - 3 = 3*v. Let n be (g + 0)/(7/42). Calculate l(n).
-1
Let k(y) = -3*y + 6. Suppose 6*j - 2*j + 22 = -3*x, 4*x = 5*j - 50. Suppose 35 = 4*t + t. Let f be (x - -7) + 1*t. Give k(f).
-6
Suppose -5*o + 13 + 22 = 0. Let d(x) = 3*x**2 + 7*x**2 - 11*x**2 - x + 10*x - x. Calculate d(o).
7
Let p(y) = -y + 2*y - 7*y + 2. Let u(d) = -7*d + 2. Let m(v) = 6*p(v) - 5*u(v). Determine m(-3).
5
Let q be -2 + -4*2/(-2). Suppose 3 = -q*l + 3*l. Let o(v) = 4*v + l*v - 1 + 0*v - 3*v. What is o(-2)?
-9
Let x(l) be the first derivative of -l**5/20 + 5*l**4/12 - l**3/3 + 3*l**2/2 + 2*l - 2. Let j(n) be the first derivative of x(n). Calculate j(5).
-7
Let q = -980 - -973. Let x(g) = -g**2 - 6*g + 3. What is x(q)?
-4
Let w(g) = g + 2. Let c(m) = 2*m + 3. Suppose -4*l = l + 4*j - 4, -j = 4. Suppose 0 = h - 1 + l. Let s(x) = h*w(x) + 2*c(x). Give s(-3).
-3
Suppose -3 = -o + 4*u, 3*o + 5*u - 38 = -12. Suppose -27 = o*r + 2*r. Let z(a) = 2*a**2 + a. What is z(r)?
15
Suppose 7 = -4*s + 11. Let n(c) = -3*c + 1. Determine n(s).
-2
Let h(l) = 3*l**2 - l. Let f(w) = -2*w**2 + w - 2. Let k(z) = f(z) + h(z). Give k(-2).
2
Let y(a) = a**2 - a - 1. Let h be 2/(5/(4 + -14)). Let n(i) = -i + 2*i + 5*i**2 + 0 - 7. Let u(f) = h*y(f) + n(f). Give u(-5).
-3
Let k = 101 - 98. Let o be (0 - 2)/((-6)/((-18)/k)). Let v(j) = 4*j**2 - 4*j**3 + j**3 + 4*j**3 + 2 + 4*j. Give v(o).
2
Let v(g) = g**3 - 13*g**2 + 11*g + 3. Let i be v(12). Let k(u) = -7*u + 4. Let w(a) = 3*a - 2. Let d(x) = i*w(x) - 4*k(x). Give d(-2).
0
Let p(u) be the second derivative of -u**5/20 + u**4/4 + 5*u**3/6 - u**2/2 + 55*u - 2. Let k(i) = -i**3 + 5*i**2 + 4. Let x be k(5). Give p(x).
3
Suppose 2*h = -3*s - 5, 5 = -4*s + 2*h - 11. Let o(y) = -4*y + 3. Determine o(s).
15
Let m(p) = 15*p - 4 - 5*p + 3. Let x(q) = 4*q**2 + 2*q + 1. Let b be x(-1). Suppose -4*t = -t - b. Determine m(t).
9
Suppose 4*k - 33 + 9 = 0. Let p(d) = d**3 - 5*d**2 - 7*d + 7. Determine p(k).
1
Let w(b) = b + 6. Let x(c) = -2*c - 7. Let l(n) = 3*w(n) + 2*x(n). Give l(3).
1
Let y(q) = -3*q**3 + 19*q**2 + 8*q - 5. Let u(h) = -h**3 + 9*h**2 + 4*h - 3. Let v be 110/25 - 3/(-5). Let i(b) = v*u(b) - 2*y(b). What is i(-6)?
7
Let j(k) = -k**3 - 3*k**2 + 7*k + 1. Let c = -169 + 164. Give j(c).
16
Let u(i) = -5*i - 17. Let j be u(-4). Suppose k = -2*k - j. Let v(r) = -12*r + 1. Give v(k).
13
Let t be (2/6*0)/(-1). Suppose t*w - w = 0. Let r(j) = w - 2*j**2 + 6 + 5*j + j + j**2. Determine r(6).
6
Let l(d) = d**3 - 8*d**2 - 2*d + 4. Suppose -7 = -q - 0*b - b, -5*b = 2*q - 11. Determine l(q).
-12
Let g(s) = s**3 + 13*s**2 - 10*s + 67. Let x be g(-14). Let q(v) = -v**3 + 11*v**2 - 5*v + 6. Give q(x).
-49
Let i(w) = -w - 26. Suppose -21*v - 504 = 21*v. What is i(v)?
-14
Let z(j) = 2*j**2 - 6. Suppose -39*n + 4 = 4. Determine z(n).
-6
Let z(h) = 2*h + 2 - 14 - h - h**2. Let v(g) = -9*g**2 - 8*g + 18. Let l be v(3). Let i = l - -87. What is z(i)?
-12
Let y(w) be the second derivative of -w**5/20 - w**4/4 + w**3/6 + 3*w**2/2 - 2*w + 67. Suppose -4*p = 3*v + 21, 5*v + 0*p + 18 = -p. What is y(v)?
0
Let c(w) = -8*w - 3*w**2 - 26 - 33 + 57. What is c(-3)?
-5
Let g(u) be the first derivative of -5*u**3 + 1/2*u**2 - u - 19. What is g(1)?
-15
Let a = 4 + -3. Let g(d) = -d. Let x be g(-2). Let u(q) = 5*q - 3*q - 1 - x*q - 6*q. What is u(a)?
-7
Let j(n) = -n + 10. Let s be j(8). Let v(t) = -4*t**3 + 3*t**2 + 2*t - 1. Let x(p) = p**3 - p**2 - p. Let u(h) = s*x(h) + v(h). Calculate u(1).
-2
Let w = -31 + 26. Let k(m) = -5 + m**2 - 3 + 4*m + 2*m + 1. Give k(w).
-12
Let t(h) = -2*h**3 - 35*h**2 - 47*h + 35. Let r be t(-16). Let x(w) = -w**3 + 20*w**2 - 19*w - 1. Calculate x(r).
-1
Let r(m) = -1954*m - 2 - 1957*m + 3910*m + 5. Let h = 15 - 21. Give r(h).
9
Let i(s) = -s**2 + 10*s - 3. Let a(o) = -o**2 + 52*o + 169. Let u be a(-3). Calculate i(u).
21
Let b(h) be the first derivative of h**4/4 + 8*h**3/3 + h**2/2 + 5*h + 386. What is b(-8)?
-3
Let k(r) be the second derivative of r**3/6 + 3*r**2 + 2516*r. Suppose -4*p - 49 = 5*h, 3 = -5*p + 2*p + 3*h. Give k(p).
0
Let j(q) be the first derivative of 1/4*q**4 - 4/3*q**3 - 3*q**2 + 8 - q. Let i be (-2)/(-5) + 46/10. Calculate j(i).
-6
Let z(b) = b**3 - 6*b**2 - 3*b + 5. Let y(w) = w**3 + w - 7. Let o be y(0). Let l(a) = a**2 + 7*a + 6. Let g be l(o). Determine z(g).
-13
Let w(u) = 75917441*u**3 - 3*u**2 - 75917440*u**3 + 6 - 3*u**2. Let y(c) = 5*c**3 + 1. Let n be y(1). Determine w(n).
6
Let c be (-13 - (-6 + -2)) + -2 + 13. Let t(r) = 2*r**3 - 17*r**2 + 2*r - 17. Let k(g) = g**3 - 8*g**2 + g - 8. Let u(s) = -5*k(s) + 2*t(s). Give u(c).
0
Let o(p) = 3*p - 1. Let f be o(3). Let n(c) be the second derivative of -7/6*c**3 - 46*c + 0 + 1/20*c**5 - 4*c**2 - 7/12*c**4. What is n(f)?
0
Let i(b) = -b. Let p be i(-4). Suppose -4 = -4*s + 4*r, -2*s - p = -5*r - 3. Let a(j) = 4*j**2 + 2*j - 7*j**s + j. Calculate a(2).
-6
Let g = -667 + 661. Let c(q) = -q**2 - 11*q. Calculate c(g).
30
Let l(o) = -o - 7. Let k(s) = 2*s - 19. Let t be k(7). Let p be 4 + -3 + (-3 - t) - 10. Determine l(p).
0
Let a = -97 - -100. Let t(r) = -4*r**2 + 0*r**a + r + 38 - 40 - r**3. Give t(-4).
-6
Suppose -4*p - 10*p - 5*p = 0. Let w(m) = m. Let y(k) = -k**2 - 5*k + 7. Let a(n) = 4*w(n) + y(n). What is a(p)?
7
Let q(t) = -t + 9. Suppose 8 = 2*n - 2*j, -48 = n - 5*n - 4*j. Let m(z) = -2*z + 13. Let v(l) = n*q(l) - 5*m(l). Calculate v(-5).
-3
Suppose 38*o = 50*o - 36. Let t(s) = -10*s + 25. Give t(o).
-5
Suppose -3*r = -x + 9 + 18, -4*r - 17 = 5*x. Let j = r + 10. Let s(t) be the second derivative of -t**5/10 + t**4/3 - t**3/6 - t**2 - 14*t. Determine s(j).
-4
Let h(f) = -2*f**3 + 12*f**2 + 17*f - 4. Let n be h(7). Let b(v) = -v + 23. What is b(n)?
6
Let i(z) = 2*z**2 - 2*z + 8. Let a(r) = 5*r**2 - 5*r + 17. Suppose 24 - 21 = v. Let t(k) = v*a(k) - 7*i(k). Calculate t(5).
15
Let c(j) be the first derivative of j**4/4 + j**3 - 4*j**2 + 3*j + 26. Let r be c(-5). Let t(z) = 3*z + 6. Determine t(r).
-15
Suppose 2*n = n + 4. Let u = 16 - 14. Let z(k) = -k**u + 3*k + 0*k + 1 + 2*k - 3*k. Determine z(n).
-7
Let s(v) = 5*v**3 - 2*v**2 + v + 4. Let x(u) = -11*u**3 + 3*u**2 - u - 9. Let g(i) = 9*s(i) + 4*x(i). What is g(4)?
-12
Let a(t) = -t**3 - t - 1. Let v be -9 + 0 - (-7 + 3). Let r be (v/(75/6))/((-3)/(-15)). What is a(r)?
9
Let h(o) = 2*o - 44*o**2 + 16*o**2 + 9*o**2 + 7*o**2 + 9*o**2. Determine h(-2).
-16
Let x = 21 + -14. Let k(g) = -8 + 13*g + 4 + 3 - 11*g. Give k(x).
13
Let z = 678 + -683. Let i(k) = 2*k + 7. What is i(z)?
-3
Let h(w) = -w**3 - 19*w**2 + 19*w - 26. Let i = -702 + 682. Calculate h(i).
-6
Let m be -7*9/(-42)*4. Let k be -1*(3*m)/2. Let l(q) = -87 - q - 97 + 0*q + 174. Calculate l(k).
-1
Let a(y) = 6*y - 9*y 